{"id":75,"date":"2022-11-18T23:32:23","date_gmt":"2022-11-18T23:32:23","guid":{"rendered":"https:\/\/intensegraphicdesigner.pl\/?page_id=75"},"modified":"2023-09-08T07:57:09","modified_gmt":"2023-09-08T07:57:09","slug":"portfolio","status":"publish","type":"page","link":"https:\/\/intensegraphicdesigner.pl\/index.php\/portfolio\/","title":{"rendered":"PORTFOLIO"},"content":{"rendered":"\t\t<div data-elementor-type=\"wp-page\" data-elementor-id=\"75\" class=\"elementor elementor-75\" data-elementor-settings=\"{&quot;ha_cmc_init_switcher&quot;:&quot;no&quot;}\">\n\t\t\t\t\t\t<section class=\"has_eae_slider elementor-section elementor-top-section elementor-element elementor-element-28b0c3c0 elementor-section-height-min-height elementor-section-boxed elementor-section-height-default elementor-section-items-middle\" data-eae-slider=\"35704\" data-id=\"28b0c3c0\" data-element_type=\"section\" data-e-type=\"section\" id=\"particles-js\" data-settings=\"{&quot;background_background&quot;:&quot;classic&quot;,&quot;_ha_eqh_enable&quot;:false}\">\n\t\t\t\t\t\t\t<div class=\"elementor-background-overlay\"><\/div>\n\t\t\t\t\t\t\t<div class=\"elementor-container elementor-column-gap-default\">\n\t\t\t\t\t<div class=\"has_eae_slider elementor-column elementor-col-50 elementor-top-column elementor-element elementor-element-21e7baf0\" data-eae-slider=\"62557\" data-id=\"21e7baf0\" data-element_type=\"column\" data-e-type=\"column\">\n\t\t\t<div class=\"elementor-widget-wrap elementor-element-populated\">\n\t\t\t\t\t\t<div class=\"elementor-element elementor-element-59b2612d elementor-widget elementor-widget-heading\" data-id=\"59b2612d\" data-element_type=\"widget\" data-e-type=\"widget\" data-widget_type=\"heading.default\">\n\t\t\t\t<div class=\"elementor-widget-container\">\n\t\t\t\t\t<h3 class=\"elementor-heading-title elementor-size-default\">Trwaj\u0105 prace, zaprszamy wkr\u00f3tce<\/h3>\t\t\t\t<\/div>\n\t\t\t\t<\/div>\n\t\t\t\t<div class=\"elementor-element elementor-element-df1b17 elementor-widget elementor-widget-heading\" data-id=\"df1b17\" data-element_type=\"widget\" data-e-type=\"widget\" data-widget_type=\"heading.default\">\n\t\t\t\t<div class=\"elementor-widget-container\">\n\t\t\t\t\t<h1 class=\"elementor-heading-title elementor-size-default\">Intense<br>graphic designer<\/h1>\t\t\t\t<\/div>\n\t\t\t\t<\/div>\n\t\t\t\t<div class=\"elementor-element elementor-element-61a0b85d elementor-tablet-align-center elementor-icon-list--layout-traditional elementor-list-item-link-full_width elementor-widget elementor-widget-icon-list\" data-id=\"61a0b85d\" data-element_type=\"widget\" data-e-type=\"widget\" data-widget_type=\"icon-list.default\">\n\t\t\t\t<div class=\"elementor-widget-container\">\n\t\t\t\t\t\t\t<ul class=\"elementor-icon-list-items\">\n\t\t\t\t\t\t\t<li class=\"elementor-icon-list-item\">\n\t\t\t\t\t\t\t\t\t\t\t<span class=\"elementor-icon-list-icon\">\n\t\t\t\t\t\t\t<i aria-hidden=\"true\" class=\"far fa-dot-circle\"><\/i>\t\t\t\t\t\t<\/span>\n\t\t\t\t\t\t\t\t\t\t<span class=\"elementor-icon-list-text\">Web Designer<\/span>\n\t\t\t\t\t\t\t\t\t<\/li>\n\t\t\t\t\t\t\t\t<li class=\"elementor-icon-list-item\">\n\t\t\t\t\t\t\t\t\t\t\t<span class=\"elementor-icon-list-icon\">\n\t\t\t\t\t\t\t<i aria-hidden=\"true\" class=\"far fa-dot-circle\"><\/i>\t\t\t\t\t\t<\/span>\n\t\t\t\t\t\t\t\t\t\t<span class=\"elementor-icon-list-text\">Grapic Designer<\/span>\n\t\t\t\t\t\t\t\t\t<\/li>\n\t\t\t\t\t\t<\/ul>\n\t\t\t\t\t\t<\/div>\n\t\t\t\t<\/div>\n\t\t\t\t<div class=\"elementor-element elementor-element-6fdb5ec7 elementor-align-left elementor-mobile-align-center elementor-tablet-align-center elementor-widget elementor-widget-button\" data-id=\"6fdb5ec7\" data-element_type=\"widget\" data-e-type=\"widget\" data-widget_type=\"button.default\">\n\t\t\t\t<div class=\"elementor-widget-container\">\n\t\t\t\t\t\t\t\t\t<div class=\"elementor-button-wrapper\">\n\t\t\t\t\t<a class=\"elementor-button elementor-button-link elementor-size-sm\" href=\"https:\/\/intensegraphicdesigner.pl\/index.php\/elementor-498\/\">\n\t\t\t\t\t\t<span class=\"elementor-button-content-wrapper\">\n\t\t\t\t\t\t\t\t\t<span class=\"elementor-button-text\">formularz kontaktowy<\/span>\n\t\t\t\t\t<\/span>\n\t\t\t\t\t<\/a>\n\t\t\t\t<\/div>\n\t\t\t\t\t\t\t\t<\/div>\n\t\t\t\t<\/div>\n\t\t\t\t\t<\/div>\n\t\t<\/div>\n\t\t\t\t<div class=\"has_eae_slider elementor-column elementor-col-50 elementor-top-column elementor-element elementor-element-65b732fb\" data-eae-slider=\"92305\" data-id=\"65b732fb\" data-element_type=\"column\" data-e-type=\"column\">\n\t\t\t<div class=\"elementor-widget-wrap elementor-element-populated\">\n\t\t\t\t\t\t<div class=\"elementor-element elementor-element-6276b65 elementor-widget elementor-widget-video\" data-id=\"6276b65\" data-element_type=\"widget\" data-e-type=\"widget\" data-settings=\"{&quot;video_type&quot;:&quot;hosted&quot;,&quot;autoplay&quot;:&quot;yes&quot;,&quot;play_on_mobile&quot;:&quot;yes&quot;,&quot;mute&quot;:&quot;yes&quot;,&quot;loop&quot;:&quot;yes&quot;}\" data-widget_type=\"video.default\">\n\t\t\t\t<div class=\"elementor-widget-container\">\n\t\t\t\t\t\t\t<div class=\"e-hosted-video elementor-wrapper elementor-open-inline\">\n\t\t\t\t\t<video class=\"elementor-video\" src=\"https:\/\/intensegraphicdesigner.pl\/wp-content\/uploads\/2022\/11\/Nowy-projekt.mp4\" autoplay=\"\" loop=\"\" muted=\"muted\" playsinline=\"\" controlsList=\"nodownload\"><\/video>\n\t\t\t\t<\/div>\n\t\t\t\t\t\t<\/div>\n\t\t\t\t<\/div>\n\t\t\t\t\t<\/div>\n\t\t<\/div>\n\t\t\t\t\t<\/div>\n\t\t<\/section>\n\t\t\t\t<section class=\"has_eae_slider elementor-section elementor-top-section elementor-element elementor-element-cd499ef elementor-section-boxed elementor-section-height-default elementor-section-height-default\" data-eae-slider=\"21096\" data-id=\"cd499ef\" data-element_type=\"section\" data-e-type=\"section\" data-settings=\"{&quot;_ha_eqh_enable&quot;:false}\">\n\t\t\t\t\t\t<div class=\"elementor-container elementor-column-gap-default\">\n\t\t\t\t\t<div class=\"has_eae_slider elementor-column elementor-col-100 elementor-top-column elementor-element elementor-element-e522cf0\" data-eae-slider=\"18928\" data-id=\"e522cf0\" data-element_type=\"column\" data-e-type=\"column\">\n\t\t\t<div class=\"elementor-widget-wrap elementor-element-populated\">\n\t\t\t\t\t\t<div class=\"elementor-element elementor-element-8fe159c elementor-widget elementor-widget-html\" data-id=\"8fe159c\" data-element_type=\"widget\" data-e-type=\"widget\" data-widget_type=\"html.default\">\n\t\t\t\t<div class=\"elementor-widget-container\">\n\t\t\t\t\t<style>\r\n    .particles-js-canvas-el {\r\n    width: 100%;\r\n    height: 100%;\r\n    position: absolute;\r\n    z-index: 0;\r\n    top: 0;\r\n}\r\n<\/style>\r\n\r\n<script src=\"https:\/\/cdn.jsdelivr.net\/particles.js\/2.0.0\/particles.min.js\"><\/script> \r\n\r\n<script>\r\nparticlesJS(\"particles-js\", {\"particles\":{\"number\":{\"value\":218,\"density\":{\"enable\":true,\"value_area\":2130.6986324071363}},\"color\":{\"value\":\"#ffffff\"},\"shape\":{\"type\":\"edge\",\"stroke\":{\"width\":0,\"color\":\"#000000\"},\"polygon\":{\"nb_sides\":5},\"image\":{\"src\":\"img\/github.svg\",\"width\":100,\"height\":100}},\"opacity\":{\"value\":0.5,\"random\":false,\"anim\":{\"enable\":false,\"speed\":1,\"opacity_min\":0.1,\"sync\":false}},\"size\":{\"value\":3,\"random\":true,\"anim\":{\"enable\":false,\"speed\":40,\"size_min\":0.1,\"sync\":false}},\"line_linked\":{\"enable\":true,\"distance\":150,\"color\":\"#ffffff\",\"opacity\":0.4,\"width\":1},\"move\":{\"enable\":true,\"speed\":6,\"direction\":\"none\",\"random\":false,\"straight\":false,\"out_mode\":\"out\",\"bounce\":false,\"attract\":{\"enable\":false,\"rotateX\":600,\"rotateY\":1200}}},\"interactivity\":{\"detect_on\":\"canvas\",\"events\":{\"onhover\":{\"enable\":true,\"mode\":\"repulse\"},\"onclick\":{\"enable\":true,\"mode\":\"push\"},\"resize\":true},\"modes\":{\"grab\":{\"distance\":400,\"line_linked\":{\"opacity\":1}},\"bubble\":{\"distance\":400,\"size\":40,\"duration\":2,\"opacity\":8,\"speed\":3},\"repulse\":{\"distance\":200,\"duration\":0.4},\"push\":{\"particles_nb\":4},\"remove\":{\"particles_nb\":2}}},\"retina_detect\":true});var count_particles, stats, update; stats = new Stats; stats.setMode(0); stats.domElement.style.position = 'absolute'; stats.domElement.style.left = '0px'; stats.domElement.style.top = '0px'; document.body.appendChild(stats.domElement); count_particles = document.querySelector('.js-count-particles'); update = function() { stats.begin(); stats.end(); if (window.pJSDom[0].pJS.particles && window.pJSDom[0].pJS.particles.array) { count_particles.innerText = window.pJSDom[0].pJS.particles.array.length; } requestAnimationFrame(update); }; requestAnimationFrame(update);;\r\n<\/script>\r\n\t\t\t\t<\/div>\n\t\t\t\t<\/div>\n\t\t\t\t\t<\/div>\n\t\t<\/div>\n\t\t\t\t\t<\/div>\n\t\t<\/section>\n\t\t\t\t<\/div>\n\t\t","protected":false},"excerpt":{"rendered":"<p>Trwaj\u0105 prace, zaprszamy wkr\u00f3tce Intense graphic designer Web Designer Grapic Designer formularz kontaktowy https:\/\/intensegraphicdesigner.pl\/wp-content\/uploads\/2022\/11\/Nowy-projekt.mp4<\/p>\n","protected":false},"author":1,"featured_media":0,"parent":0,"menu_order":0,"comment_status":"closed","ping_status":"closed","template":"elementor_canvas","meta":{"footnotes":""},"class_list":["post-75","page","type-page","status-publish","hentry"],"yoast_head":"<!-- This site is optimized with the Yoast SEO plugin v27.4 - https:\/\/yoast.com\/product\/yoast-seo-wordpress\/ -->\n<title>Nasze Projekty Graficzne - Portfolio Intense Graphic Designer<\/title>\n<meta name=\"description\" content=\"Zobacz nasze projekty graficzne, w tym logo, ulotki, banery reklamowe i strony internetowe. Przegl\u0105daj nasze osi\u0105gni\u0119cia w projektowaniu!\" \/>\n<meta name=\"robots\" content=\"index, follow, max-snippet:-1, max-image-preview:large, max-video-preview:-1\" \/>\n<link rel=\"canonical\" href=\"https:\/\/intensegraphicdesigner.pl\/index.php\/portfolio\/\" \/>\n<meta property=\"og:locale\" content=\"pl_PL\" \/>\n<meta property=\"og:type\" content=\"article\" \/>\n<meta property=\"og:title\" content=\"Nasze Projekty Graficzne - Portfolio Intense Graphic Designer\" \/>\n<meta property=\"og:description\" content=\"Zobacz nasze projekty graficzne, w tym logo, ulotki, banery reklamowe i strony internetowe. Przegl\u0105daj nasze osi\u0105gni\u0119cia w projektowaniu!\" \/>\n<meta property=\"og:url\" content=\"https:\/\/intensegraphicdesigner.pl\/index.php\/portfolio\/\" \/>\n<meta property=\"og:site_name\" content=\"Intense Graphic Designer\" \/>\n<meta property=\"article:publisher\" content=\"https:\/\/www.facebook.com\/Intensegraphicdesigner\" \/>\n<meta property=\"article:modified_time\" content=\"2023-09-08T07:57:09+00:00\" \/>\n<meta name=\"twitter:card\" content=\"summary_large_image\" \/>\n<meta name=\"twitter:label1\" content=\"Szacowany czas czytania\" \/>\n\t<meta name=\"twitter:data1\" content=\"1 minuta\" \/>\n<script type=\"application\/ld+json\" class=\"yoast-schema-graph\">{\"@context\":\"https:\\\/\\\/schema.org\",\"@graph\":[{\"@type\":\"WebPage\",\"@id\":\"https:\\\/\\\/intensegraphicdesigner.pl\\\/index.php\\\/portfolio\\\/\",\"url\":\"https:\\\/\\\/intensegraphicdesigner.pl\\\/index.php\\\/portfolio\\\/\",\"name\":\"Nasze Projekty Graficzne - Portfolio Intense Graphic Designer\",\"isPartOf\":{\"@id\":\"https:\\\/\\\/intensegraphicdesigner.pl\\\/#website\"},\"datePublished\":\"2022-11-18T23:32:23+00:00\",\"dateModified\":\"2023-09-08T07:57:09+00:00\",\"description\":\"Zobacz nasze projekty graficzne, w tym logo, ulotki, banery reklamowe i strony internetowe. Przegl\u0105daj nasze osi\u0105gni\u0119cia w projektowaniu!\",\"breadcrumb\":{\"@id\":\"https:\\\/\\\/intensegraphicdesigner.pl\\\/index.php\\\/portfolio\\\/#breadcrumb\"},\"inLanguage\":\"pl-PL\",\"potentialAction\":[{\"@type\":\"ReadAction\",\"target\":[\"https:\\\/\\\/intensegraphicdesigner.pl\\\/index.php\\\/portfolio\\\/\"]}]},{\"@type\":\"BreadcrumbList\",\"@id\":\"https:\\\/\\\/intensegraphicdesigner.pl\\\/index.php\\\/portfolio\\\/#breadcrumb\",\"itemListElement\":[{\"@type\":\"ListItem\",\"position\":1,\"name\":\"Strona g\u0142\u00f3wna\",\"item\":\"https:\\\/\\\/intensegraphicdesigner.pl\\\/\"},{\"@type\":\"ListItem\",\"position\":2,\"name\":\"PORTFOLIO\"}]},{\"@type\":\"WebSite\",\"@id\":\"https:\\\/\\\/intensegraphicdesigner.pl\\\/#website\",\"url\":\"https:\\\/\\\/intensegraphicdesigner.pl\\\/\",\"name\":\"Intense Graphic Designer\",\"description\":\"Projektowanie graficzne\",\"publisher\":{\"@id\":\"https:\\\/\\\/intensegraphicdesigner.pl\\\/#organization\"},\"potentialAction\":[{\"@type\":\"SearchAction\",\"target\":{\"@type\":\"EntryPoint\",\"urlTemplate\":\"https:\\\/\\\/intensegraphicdesigner.pl\\\/?s={search_term_string}\"},\"query-input\":{\"@type\":\"PropertyValueSpecification\",\"valueRequired\":true,\"valueName\":\"search_term_string\"}}],\"inLanguage\":\"pl-PL\"},{\"@type\":\"Organization\",\"@id\":\"https:\\\/\\\/intensegraphicdesigner.pl\\\/#organization\",\"name\":\"Bart\u0142omiej Konecki Intense Graphic Designer\",\"alternateName\":\"Intense GD\",\"url\":\"https:\\\/\\\/intensegraphicdesigner.pl\\\/\",\"logo\":{\"@type\":\"ImageObject\",\"inLanguage\":\"pl-PL\",\"@id\":\"https:\\\/\\\/intensegraphicdesigner.pl\\\/#\\\/schema\\\/logo\\\/image\\\/\",\"url\":\"http:\\\/\\\/intensegraphicdesigner.pl\\\/wp-content\\\/uploads\\\/2023\\\/07\\\/iuntense2.png\",\"contentUrl\":\"http:\\\/\\\/intensegraphicdesigner.pl\\\/wp-content\\\/uploads\\\/2023\\\/07\\\/iuntense2.png\",\"width\":1190,\"height\":1568,\"caption\":\"Bart\u0142omiej Konecki Intense Graphic Designer\"},\"image\":{\"@id\":\"https:\\\/\\\/intensegraphicdesigner.pl\\\/#\\\/schema\\\/logo\\\/image\\\/\"},\"sameAs\":[\"https:\\\/\\\/www.facebook.com\\\/Intensegraphicdesigner\",\"https:\\\/\\\/www.instagram.com\\\/intense_graphic_designer\\\/\"]}]}<\/script>\n<!-- \/ Yoast SEO plugin. -->","yoast_head_json":{"title":"Nasze Projekty Graficzne - Portfolio Intense Graphic Designer","description":"Zobacz nasze projekty graficzne, w tym logo, ulotki, banery reklamowe i strony internetowe. Przegl\u0105daj nasze osi\u0105gni\u0119cia w projektowaniu!","robots":{"index":"index","follow":"follow","max-snippet":"max-snippet:-1","max-image-preview":"max-image-preview:large","max-video-preview":"max-video-preview:-1"},"canonical":"https:\/\/intensegraphicdesigner.pl\/index.php\/portfolio\/","og_locale":"pl_PL","og_type":"article","og_title":"Nasze Projekty Graficzne - Portfolio Intense Graphic Designer","og_description":"Zobacz nasze projekty graficzne, w tym logo, ulotki, banery reklamowe i strony internetowe. Przegl\u0105daj nasze osi\u0105gni\u0119cia w projektowaniu!","og_url":"https:\/\/intensegraphicdesigner.pl\/index.php\/portfolio\/","og_site_name":"Intense Graphic Designer","article_publisher":"https:\/\/www.facebook.com\/Intensegraphicdesigner","article_modified_time":"2023-09-08T07:57:09+00:00","twitter_card":"summary_large_image","twitter_misc":{"Szacowany czas czytania":"1 minuta"},"schema":{"@context":"https:\/\/schema.org","@graph":[{"@type":"WebPage","@id":"https:\/\/intensegraphicdesigner.pl\/index.php\/portfolio\/","url":"https:\/\/intensegraphicdesigner.pl\/index.php\/portfolio\/","name":"Nasze Projekty Graficzne - Portfolio Intense Graphic Designer","isPartOf":{"@id":"https:\/\/intensegraphicdesigner.pl\/#website"},"datePublished":"2022-11-18T23:32:23+00:00","dateModified":"2023-09-08T07:57:09+00:00","description":"Zobacz nasze projekty graficzne, w tym logo, ulotki, banery reklamowe i strony internetowe. Przegl\u0105daj nasze osi\u0105gni\u0119cia w projektowaniu!","breadcrumb":{"@id":"https:\/\/intensegraphicdesigner.pl\/index.php\/portfolio\/#breadcrumb"},"inLanguage":"pl-PL","potentialAction":[{"@type":"ReadAction","target":["https:\/\/intensegraphicdesigner.pl\/index.php\/portfolio\/"]}]},{"@type":"BreadcrumbList","@id":"https:\/\/intensegraphicdesigner.pl\/index.php\/portfolio\/#breadcrumb","itemListElement":[{"@type":"ListItem","position":1,"name":"Strona g\u0142\u00f3wna","item":"https:\/\/intensegraphicdesigner.pl\/"},{"@type":"ListItem","position":2,"name":"PORTFOLIO"}]},{"@type":"WebSite","@id":"https:\/\/intensegraphicdesigner.pl\/#website","url":"https:\/\/intensegraphicdesigner.pl\/","name":"Intense Graphic Designer","description":"Projektowanie graficzne","publisher":{"@id":"https:\/\/intensegraphicdesigner.pl\/#organization"},"potentialAction":[{"@type":"SearchAction","target":{"@type":"EntryPoint","urlTemplate":"https:\/\/intensegraphicdesigner.pl\/?s={search_term_string}"},"query-input":{"@type":"PropertyValueSpecification","valueRequired":true,"valueName":"search_term_string"}}],"inLanguage":"pl-PL"},{"@type":"Organization","@id":"https:\/\/intensegraphicdesigner.pl\/#organization","name":"Bart\u0142omiej Konecki Intense Graphic Designer","alternateName":"Intense GD","url":"https:\/\/intensegraphicdesigner.pl\/","logo":{"@type":"ImageObject","inLanguage":"pl-PL","@id":"https:\/\/intensegraphicdesigner.pl\/#\/schema\/logo\/image\/","url":"http:\/\/intensegraphicdesigner.pl\/wp-content\/uploads\/2023\/07\/iuntense2.png","contentUrl":"http:\/\/intensegraphicdesigner.pl\/wp-content\/uploads\/2023\/07\/iuntense2.png","width":1190,"height":1568,"caption":"Bart\u0142omiej Konecki Intense Graphic Designer"},"image":{"@id":"https:\/\/intensegraphicdesigner.pl\/#\/schema\/logo\/image\/"},"sameAs":["https:\/\/www.facebook.com\/Intensegraphicdesigner","https:\/\/www.instagram.com\/intense_graphic_designer\/"]}]}},"jetpack-related-posts":[{"id":213,"url":"https:\/\/intensegraphicdesigner.pl\/index.php\/home-2\/","url_meta":{"origin":75,"position":0},"title":"Home","author":"intensegraphicdesigner@gmail.com","date":"13 kwietnia, 2020","format":false,"excerpt":"Offer Oferta Strony internetowe Logotypy Ulotki Wizyt\u00f3wki Plakaty Bannery 0 wykonanych projekt\u00f3w 0 Zadowolonych klient\u00f3w Web Designer Graphic Designer Web designer to osoba, kt\u00f3ra zajmuje si\u0119 wygl\u0105dem naszej strony internetowej. Jednym s\u0142owem planuje ona, jaki rodzaj czcionki zostanie wykorzystany na witrynie, jakie b\u0119d\u0105 jej kolory, a tak\u017ce jakie elementy dekoruj\u0105ce\u2026","rel":"","context":"Podobny wpis","block_context":{"text":"Podobny wpis","link":""},"img":{"alt_text":"","src":"https:\/\/i0.wp.com\/intensegraphicdesigner.pl\/wp-content\/uploads\/2022\/11\/cropped-mojelogo12.png?resize=350%2C200","width":350,"height":200},"classes":[]},{"id":1442,"url":"https:\/\/intensegraphicdesigner.pl\/","url_meta":{"origin":75,"position":1},"title":"Home2","author":"intensegraphicdesigner@gmail.com","date":"13 lipca, 2023","format":false,"excerpt":"Home Ostatnie Realizacje Zam\u00f3w projekt GOLD HUNTERS X Ekskluzywne brandingowe rozwi\u0105zania Zam\u00f3w projekt wykonanych projekt\u00f3w 0 Zadowolonych klient\u00f3w 0 wyr\u00f3\u017cniam si\u0119 w\u015br\u00f3d t\u0142umu. Zbuduj sw\u00f3j biznes. MOJA OFERTAORAZ OSTATNIE REALIZACJE 1. Projektowanie stron www2. Logotypy3. Bannery4. Plakaty5. Animacje, Video, Reels6. Obs\u0142uga Social Media7. Drone Djmini2 ( Filmy,zdj\u0119cia)8. 3d Wizualizacje Opinie\u2026","rel":"","context":"Podobny wpis","block_context":{"text":"Podobny wpis","link":""},"img":{"alt_text":"","src":"https:\/\/i0.wp.com\/intensegraphicdesigner.pl\/wp-content\/uploads\/2023\/07\/iuntense2-777x1024.png?resize=350%2C200&ssl=1","width":350,"height":200,"srcset":"https:\/\/i0.wp.com\/intensegraphicdesigner.pl\/wp-content\/uploads\/2023\/07\/iuntense2-777x1024.png?resize=350%2C200&ssl=1 1x, https:\/\/i0.wp.com\/intensegraphicdesigner.pl\/wp-content\/uploads\/2023\/07\/iuntense2-777x1024.png?resize=525%2C300&ssl=1 1.5x, https:\/\/i0.wp.com\/intensegraphicdesigner.pl\/wp-content\/uploads\/2023\/07\/iuntense2-777x1024.png?resize=700%2C400&ssl=1 2x"},"classes":[]},{"id":761,"url":"https:\/\/intensegraphicdesigner.pl\/index.php\/ulotki\/","url_meta":{"origin":75,"position":2},"title":"Ulotki","author":"intensegraphicdesigner@gmail.com","date":"22 listopada, 2022","format":false,"excerpt":"Ulotki Odbijanie pi\u0142ki Adres Marki +48 514 687 994 intensegraphicdesigner@gmail.com Powr\u00f3t na stron\u0119 g\u0142\u00f3wn\u0105 Polityka Prywatno\u015bci \u015aled\u017a mnie na Facebook Instagram Polecane strony Remold your body Polska akademia fitness Uks ma\u0142y wojownik Football champion group Fhulimak Copyright \u00a9 2022. Intense Graphic Designer","rel":"","context":"Podobny wpis","block_context":{"text":"Podobny wpis","link":""},"img":{"alt_text":"","src":"https:\/\/i0.wp.com\/intensegraphicdesigner.pl\/wp-content\/uploads\/2022\/11\/ulotki-insta.png?resize=350%2C200","width":350,"height":200,"srcset":"https:\/\/i0.wp.com\/intensegraphicdesigner.pl\/wp-content\/uploads\/2022\/11\/ulotki-insta.png?resize=350%2C200 1x, https:\/\/i0.wp.com\/intensegraphicdesigner.pl\/wp-content\/uploads\/2022\/11\/ulotki-insta.png?resize=525%2C300 1.5x, https:\/\/i0.wp.com\/intensegraphicdesigner.pl\/wp-content\/uploads\/2022\/11\/ulotki-insta.png?resize=700%2C400 2x, https:\/\/i0.wp.com\/intensegraphicdesigner.pl\/wp-content\/uploads\/2022\/11\/ulotki-insta.png?resize=1050%2C600 3x, https:\/\/i0.wp.com\/intensegraphicdesigner.pl\/wp-content\/uploads\/2022\/11\/ulotki-insta.png?resize=1400%2C800 4x"},"classes":[]},{"id":627,"url":"https:\/\/intensegraphicdesigner.pl\/index.php\/logotypy\/","url_meta":{"origin":75,"position":3},"title":"Logotypy","author":"intensegraphicdesigner@gmail.com","date":"21 listopada, 2022","format":false,"excerpt":"LOGOTYPY Adres Marki +48 514 687 994 intensegraphicdesigner@gmail.com Powr\u00f3t na stron\u0119 g\u0142\u00f3wn\u0105 Polityka Prywatno\u015bci \u015aled\u017a mnie na Facebook Instagram Polecane strony Remold your body Polska akademia fitness Uks ma\u0142y wojownik Football champion group Fhulimak Copyright \u00a9 2022. Intense Graphic Designer","rel":"","context":"Podobny wpis","block_context":{"text":"Podobny wpis","link":""},"img":{"alt_text":"","src":"https:\/\/i0.wp.com\/intensegraphicdesigner.pl\/wp-content\/uploads\/2022\/12\/4-300x207.jpg?resize=350%2C200","width":350,"height":200},"classes":[]},{"id":498,"url":"https:\/\/intensegraphicdesigner.pl\/index.php\/wycena\/","url_meta":{"origin":75,"position":4},"title":"Wycena","author":"intensegraphicdesigner@gmail.com","date":"21 listopada, 2022","format":false,"excerpt":"Home2 Portfolio Plakaty Ulotki Logotypy Projekty www Kontakt Wycena X Adres Marki +48 514 687 994 intensegraphicdesigner@gmail.com Powr\u00f3t na stron\u0119 g\u0142\u00f3wn\u0105 \u015aled\u017a mnie na Facebook Instagram Polecane strony Remold your body Polska akademia fitness Uks ma\u0142y wojownik Football champion group Fhulimak Copyright \u00a9 2022. Intense Graphic Designer","rel":"","context":"Podobny wpis","block_context":{"text":"Podobny wpis","link":""},"img":{"alt_text":"","src":"https:\/\/i0.wp.com\/intensegraphicdesigner.pl\/wp-content\/uploads\/2023\/07\/iuntense2-777x1024.png?resize=350%2C200","width":350,"height":200,"srcset":"https:\/\/i0.wp.com\/intensegraphicdesigner.pl\/wp-content\/uploads\/2023\/07\/iuntense2-777x1024.png?resize=350%2C200 1x, https:\/\/i0.wp.com\/intensegraphicdesigner.pl\/wp-content\/uploads\/2023\/07\/iuntense2-777x1024.png?resize=525%2C300 1.5x, https:\/\/i0.wp.com\/intensegraphicdesigner.pl\/wp-content\/uploads\/2023\/07\/iuntense2-777x1024.png?resize=700%2C400 2x"},"classes":[]},{"id":357,"url":"https:\/\/intensegraphicdesigner.pl\/index.php\/kontakt\/","url_meta":{"origin":75,"position":5},"title":"Kontakt","author":"intensegraphicdesigner@gmail.com","date":"19 listopada, 2022","format":false,"excerpt":"Facebook Instagram lokalizacja Marki 05-270 Tel +48 514687994 Email intensegraphicdesigner@gmail.com Adres Marki +48 514 687 994 intensegraphicdesigner@gmail.com Powr\u00f3t na stron\u0119 g\u0142\u00f3wn\u0105 \u015aled\u017a mnie na Facebook Instagram Polecane strony Remold your body Polska akademia fitness Uks ma\u0142y wojownik Football champion group Fhulimak Copyright \u00a9 2022. Intense Graphic Designer","rel":"","context":"Podobny wpis","block_context":{"text":"Podobny wpis","link":""},"img":{"alt_text":"","src":"","width":0,"height":0},"classes":[]}],"jetpack_sharing_enabled":true,"_links":{"self":[{"href":"https:\/\/intensegraphicdesigner.pl\/index.php\/wp-json\/wp\/v2\/pages\/75","targetHints":{"allow":["GET"]}}],"collection":[{"href":"https:\/\/intensegraphicdesigner.pl\/index.php\/wp-json\/wp\/v2\/pages"}],"about":[{"href":"https:\/\/intensegraphicdesigner.pl\/index.php\/wp-json\/wp\/v2\/types\/page"}],"author":[{"embeddable":true,"href":"https:\/\/intensegraphicdesigner.pl\/index.php\/wp-json\/wp\/v2\/users\/1"}],"replies":[{"embeddable":true,"href":"https:\/\/intensegraphicdesigner.pl\/index.php\/wp-json\/wp\/v2\/comments?post=75"}],"version-history":[{"count":44,"href":"https:\/\/intensegraphicdesigner.pl\/index.php\/wp-json\/wp\/v2\/pages\/75\/revisions"}],"predecessor-version":[{"id":1991,"href":"https:\/\/intensegraphicdesigner.pl\/index.php\/wp-json\/wp\/v2\/pages\/75\/revisions\/1991"}],"wp:attachment":[{"href":"https:\/\/intensegraphicdesigner.pl\/index.php\/wp-json\/wp\/v2\/media?parent=75"}],"curies":[{"name":"wp","href":"https:\/\/api.w.org\/{rel}","templated":true}]}}